{"id":44,"date":"2012-04-26T16:36:01","date_gmt":"2012-04-26T16:36:01","guid":{"rendered":"http:\/\/www.musikschulepiccolo.de\/wordpress\/?page_id=44"},"modified":"2018-05-22T12:08:19","modified_gmt":"2018-05-22T12:08:19","slug":"impressum","status":"publish","type":"page","link":"https:\/\/www.musikschulepiccolo.de\/wordpress\/?page_id=44","title":{"rendered":"Impressum"},"content":{"rendered":"<p>HAFTUNGSAUSSCHLUSS<\/p>\n<p>1. Der Autor dieser Webseite &#8222;Musikschule Piccolo&#8220; distanziert sich ausdr\u00fccklich vom Inhalt anderer Webseiten, die direkt oder indirekt mit dieser Webseite verlinkt sind, da er auf deren Inhalte keinen Einfluss hat.<\/p>\n<p>2. F\u00fcr die Aktualit\u00e4t, Vollst\u00e4ndigkeit, Korrektheit oder Qualit\u00e4t der bereitgestellten Informationen \u00fcbernimmt Musikschule Piccolo keinerlei Gew\u00e4hr. Haftungsanspr\u00fcche gegen Musikschule Piccolo, welche sich auf Sch\u00e4den materieller Art beziehen, die durch die Nutzung oder Nichtnutzung der dargebotenen Informationen bzw. durch die Nutzung fehlerhafter und unvollst\u00e4ndiger Informationen verursacht wurden sind grunds\u00e4tzlich ausgeschlossen, sofern seitens des Autors kein nachweislich vors\u00e4tzliches oder grob fahrl\u00e4ssiges Verschulden vorliegt. Der Autor beh\u00e4lt es sich vor, das gesamte Angebot oder Teile der Seiten zu erg\u00e4nzen, zu ver\u00e4ndern, zu l\u00f6schen oder die Ver\u00f6ffentlichung einzustellen.<br \/>\nAlle Angebote sind freibleibend und unverbindlich.<\/p>\n<p><strong>3. Urheber- und Kennzeichenrecht<\/strong><br \/>\nDas Copyright f\u00fcr ver\u00f6ffentlichte, vom Autor selbst erstellte Objekte bleibt allein beim Autor der Seiten.<br \/>\nEine Vervielf\u00e4ltigung oder Verwendung der Texte und Grafiken in anderen elektronischen oder gedruckten Publikationen ist ohne ausdr\u00fcckliche Zustimmung des Autors nicht gestattet.<\/p>\n<p>&nbsp;<\/p>\n","protected":false},"excerpt":{"rendered":"<p>HAFTUNGSAUSSCHLUSS 1. Der Autor dieser Webseite &#8222;Musikschule Piccolo&#8220; distanziert sich ausdr\u00fccklich vom Inhalt anderer Webseiten, die direkt oder indirekt mit dieser Webseite verlinkt sind, da er auf deren Inhalte keinen Einfluss hat. 2. F\u00fcr die Aktualit\u00e4t, Vollst\u00e4ndigkeit, Korrektheit oder Qualit\u00e4t &hellip; <a href=\"https:\/\/www.musikschulepiccolo.de\/wordpress\/?page_id=44\">Weiterlesen <span class=\"meta-nav\">&rarr;<\/span><\/a><\/p>\n","protected":false},"author":1,"featured_media":0,"parent":0,"menu_order":0,"comment_status":"closed","ping_status":"open","template":"","meta":[],"_links":{"self":[{"href":"https:\/\/www.musikschulepiccolo.de\/wordpress\/index.php?rest_route=\/wp\/v2\/pages\/44"}],"collection":[{"href":"https:\/\/www.musikschulepiccolo.de\/wordpress\/index.php?rest_route=\/wp\/v2\/pages"}],"about":[{"href":"https:\/\/www.musikschulepiccolo.de\/wordpress\/index.php?rest_route=\/wp\/v2\/types\/page"}],"author":[{"embeddable":true,"href":"https:\/\/www.musikschulepiccolo.de\/wordpress\/index.php?rest_route=\/wp\/v2\/users\/1"}],"replies":[{"embeddable":true,"href":"https:\/\/www.musikschulepiccolo.de\/wordpress\/index.php?rest_route=%2Fwp%2Fv2%2Fcomments&post=44"}],"version-history":[{"count":6,"href":"https:\/\/www.musikschulepiccolo.de\/wordpress\/index.php?rest_route=\/wp\/v2\/pages\/44\/revisions"}],"predecessor-version":[{"id":546,"href":"https:\/\/www.musikschulepiccolo.de\/wordpress\/index.php?rest_route=\/wp\/v2\/pages\/44\/revisions\/546"}],"wp:attachment":[{"href":"https:\/\/www.musikschulepiccolo.de\/wordpress\/index.php?rest_route=%2Fwp%2Fv2%2Fmedia&parent=44"}],"curies":[{"name":"wp","href":"https:\/\/api.w.org\/{rel}","templated":true}]}}